 t.
3, 5
Let x(f) be the third derivative of f**6/120 + f**5/5 + 11*f**4/24 + 8*f**3/3 - 6*f**2. What are the prime factors of x(-11)?
2
Suppose -4*o + 8 = -8. List the prime factors of ((-2)/(-1) - o) + 7.
5
Suppose 3*h + 0*h = 0. Suppose -d - 2*d - 21 = h. Let t = 17 + d. List the prime factors of t.
2, 5
Suppose f = 3*i - 74, 75 = 3*i + 2*f - 2. List the prime factors of 202/10 - 5/i.
2, 5
Suppose -4*l + 11 = 3*k, 6*k - 25 = 5*l + 2*k. What are the prime factors of l/(-4) + 11/4?
3
Let x be (-2)/((-24)/10 - -2). Suppose x*l - 75 = 5*o, -2*o = l - o - 23. What are the prime factors of l?
19
Suppose 7*z = 3*z - 16. List the prime factors of 2/4*(z + 74).
5, 7
Let x(j) be the third derivative of -j**5/60 - j**4/3 - 15*j**2. Suppose 5*l + 28 = l. What are the prime factors of x(l)?
7
Suppose 4*q = 834 - 114. What are the prime factors of q?
2, 3, 5
Suppose 200 = m + 4*m. Suppose 0*x - 4*x + m = 0. Let s = x - 4. List the prime factors of s.
2, 3
List the prime factors of ((-1)/(-3))/(-3 + (-622)/(-207)).
3, 23
Let v = -16 + 22. List the prime factors of v.
2, 3
Let h(q) = -q**3 - 13*q**2 + 15*q + 18. Let i be h(-14). Suppose -v + 60 = -i*m + 173, 2*m = 2*v + 64. List the prime factors of m.
3
Let g(f) = -20*f - 10. List the prime factors of g(-3).
2, 5
List the prime factors of 80736/203 - 4/(-14).
2, 199
Let x = 230 + -140. Suppose -8*s = -3*s - x. What are the prime factors of s?
2, 3
Let z = -128 + 321. What are the prime factors of z?
193
What are the prime factors of 84/10 - (0 - (-4)/10)?
2
Suppose 2*t = -3*t + 35. Let f = 32 + t. What are the prime factors of f?
3, 13
Suppose -f - 3*f = 4*x - 408, 510 = 5*f - x. List the prime factors of f.
2, 3, 17
Let t(k) = 8*k**2 - 4. Let z be t(3). Suppose -6*g = -2*g - z. What are the prime factors of g?
17
Let p = 15 - -1. What are the prime factors of p?
2
Let b(s) = 2*s**2 - 10*s + 16. List the prime factors of b(-10).
2, 79
Let l = -5 + 8. Suppose -r + 4 = 2*a, l*r + 24 = a - 2*r. Suppose -f + 2 = 3*k, -a*f = 4*k - 2 - 30. List the prime factors of f.
11
Let t be (-36)/(-15) - (-8)/(-20). Suppose -3*v + 144 = -4*d, 0 = -t*v + d + 4*d + 103. List the prime factors of v.
2, 11
Let t(u) = u**2 - 6*u + 2. Let n be t(6). Suppose 41 = n*k + 15. Suppose -5*a + 2*x + 23 = -15, a + 5*x = k. List the prime factors of a.
2
Suppose -72 = 6*f - 270. List the prime factors of f.
3, 11
What are the prime factors of (-2)/(-1*(3 + -2)) + 68?
2, 5, 7
Suppose g + 1400 = 9*g. What are the prime factors of g?
5, 7
Let n(f) = 2*f + 1. Let i be n(-1). What are the prime factors of 28*i/2*-1?
2, 7
Let d = 2 + 12. Suppose 2*n - d = 10. What are the prime factors of n?
2, 3
Let l(c) = c**3 + 4*c**2 + c. Let w be l(-3). Suppose w*k - 2*k = 184. List the prime factors of k.
2, 23
Let w(f) = f**3 + 6*f**2 + 5*f + 5. Let g be -6*3/(-6) + -7. List the prime factors of w(g).
17
Let y(c) be the first derivative of -c**3/3 - 3*c**2/2 + 5*c + 1. List the prime factors of y(-3).
5
Let d = 41 + 1. Suppose 0 = -2*q - 4*p + d, -q = -2*q + 4*p + 15. List the prime factors of q.
19
List the prime factors of 16681/42 - (2/12 - 0).
397
Let d(x) = 3 + x + 3*x - 6*x + x. What are the prime factors of d(-8)?
11
Let l = -3 + -3. Let y = -26 - 4. What are the prime factors of (-79)/l + 5/y?
13
Let b = 235 + -146. List the prime factors of b.
89
Suppose 4 = -4*j - 4. List the prime factors of (-2)/(-2) - j*6.
13
Let h be ((-2)/4)/((-3)/(-12)). Let k = 1 - h. List the prime factors of (4/(-6))/((-1)/k).
2
Suppose 5*t - 50 = -b, -5*t = -2*t - b - 30. Suppose -26 + t = -4*a. Suppose 2*i = 3*u - 49, -a*u + 38 = -i - 24. List the prime factors of u.
3, 5
Let r = -109 - -78. Let q = -13 - r. Suppose -4*k = z - 17, -10 = -2*z - 2*k + q. What are the prime factors of z?
13
Suppose 6*d = 3*d + 78. Let j = -28 - -14. Let t = j + d. What are the prime factors of t?
2, 3
Suppose 2*s = -4 - 0. Let m = -1 - s. Let n(z) = 14*z**2 + z. What are the prime factors of n(m)?
3, 5
Let s be 7 - (2 + -2 + 4). Suppose 25 = s*p + 1. What are the prime factors of p?
2
Let h(s) = s**2 + s - 1. What are the prime factors of h(-6)?
29
Let j(s) = 2*s**2 + 2*s + 13. What are the prime factors of j(10)?
233
Suppose -2*t + 3 = -g, t - 7 + 3 = -2*g. List the prime factors of (42 + 0)*t/4.
3, 7
Let d = -146 + 271. What are the prime factors of d?
5
Suppose -4*p + 2*p = 2, 0 = -2*u - 5*p + 37. List the prime factors of u.
3, 7
Suppose 0 = i + i + 3*p, 5*i + 3*p - 9 = 0. What are the prime factors of i?
3
Let v be 1*-3*12/(-9). Let u be (3 - v) + -11 + 1. Let g = 19 + u. List the prime factors of g.
2
Suppose -2*u + 3*o + 36 = 0, -o - 22 = -3*u + 46. List the prime factors of u.
2, 3
Suppose 0 = -6*y + 2*y + 500. List the prime factors of y.
5
Let o be 36/8 + 1/2. Suppose 5*f - 165 = o*m, -m - 3 = -0. List the prime factors of f.
2, 3, 5
Let y(r) be the third derivative of -7*r**6/60 + 3*r**2. List the prime factors of y(-1).
2, 7
Suppose -x + 27 + 0 = 0. Let t = x + -14. What are the prime factors of t?
13
Let c = 6 + -2. Let h be (-3 + c)*(-1 + 18). Suppose 1 = 3*x - h. List the prime factors of x.
2, 3
Let i(w) = -2 + 6 - 4 - 3 + w. Let f be i(3). Suppose 0 = 2*g + 5*b - 21, -g + 0*b + 2*b - 3 = f. What are the prime factors of g?
3
Suppose i = -1 - 1, -3*u + 3*i + 78 = 0. Suppose -2*l = -0*l - u. What are the prime factors of l?
2, 3
What are the prime factors of 4/(-12) - 4312/(-21)?
5, 41
Let j(s) = -3*s + 2. Let b(c) = -7*c + 3. Let g(o) = 4*b(o) - 10*j(o). List the prime factors of g(9).
2, 5
Suppose d - 36 = 5*y - 11, 5*d + 5*y - 5 = 0. Let f(b) = 5*b**3 + b - 7 - 4*b**3 + b + 6*b - 6*b**2. What are the prime factors of f(d)?
2
Let h be 2*(-1)/1 - 6. Let i be h/36 - 43/9. What are the prime factors of 1 + (-1 - (i - 2))?
7
List the prime factors of 0 + -4 + 8 + 32.
2, 3
Let a be -15*(-2 - 4/(-3)). Let g(n) = -n**2 - 9*n + 12. Let k be g(-10). Let s = k + a. List the prime factors of s.
2, 3
Let o(j) = -j**3 - 2. Let c be o(0). Let f be c*(1 - 3)/2. Let w(t) = 7*t - 3. List the prime factors of w(f).
11
Suppose 12 + 0 = 3*y. Let t(i) = 5*i**3 - 3*i**2 - 6*i + 11. Let a(r) = -4*r**3 + 2*r**2 + 5*r - 10. Let w(d) = 6*a(d) + 5*t(d). List the prime factors of w(y).
11
What are the prime factors of (-54 - 4)*(-1)/2?
29
Let h(t) = -5*t**3 + t**2 + 10*t + 1. Let w(j) = 3*j**3 - j**2 - 5*j - 1. Let d(n) = 4*h(n) + 7*w(n). Let i be d(3). List the prime factors of 6*(-3)/i*-2.
3
Suppose -4*h + 2*g + 43 = 7*g, 2*h - 19 = -5*g. Suppose 4*n - h = 4. Suppose -3*s + 38 = -4*p, -n*s + s - 4*p - 2 = 0. List the prime factors of s.
2, 3
Suppose u - 7 - 7 = 0. Let s = 21 - u. List the prime factors of s.
7
Let d = 7 - -10. Let z = d - -14. List the prime factors of z.
31
Suppose 3*t = c + 44 + 117, 0 = 3*t + 4*c - 151. What are the prime factors of t?
53
List the prime factors of (-130)/(-14) + 46/(-161).
3
What are the prime factors of 36 - (-6)/(-2 + 4)?
3, 13
Let x be 72/(-30)*(-5)/2. Let w = 9 - x. List the prime factors of w.
3
Let l be (24/10)/(8/20). Let i(b) = b**3 - 6*b**2 + 2*b - 9. Let u be i(l). Suppose -u*f - 8 + 20 = 0. What are the prime factors of f?
2
Let v be (6 + -11)*(-1)/1. Suppose 5*c + v*q = -0 + 25, -5 = c - 4*q. What are the prime factors of c?
3
Let s(k) = k**3 + k**2 - k + 2. Let z be s(0). List the prime factors of (-1)/z - 29/(-2).
2, 7
Suppose -4*t = -5*k - 48, -4*t = -4*k - 49 + 5. Suppose y = 5*o - 8, 3*y + o = -o - t. What are the prime factors of y*(15/(-9) + -1)?
2
Suppose 239 = 5*l - y, 4*y + 33 - 181 = -3*l. List the prime factors of l.
2, 3
Let c = 318 - 113. What are the prime factors of c?
5, 41
Let i = -1 - 1. Let r = i + 2. Let o = r + 3. What are the prime factors of o?
3
Let o = -6 - -12. Suppose -o*t + t = -20. What are the prime factors of (t/(-5))/(8/(-20))?
2
Let u be (1 + -41)/2 - 0. Let i = u + 28. List the prime factors of i.
2
Let h = -13 + 16. Suppose h*o - 5*l = 2, o - 3*l = 2*l - 6. What are the prime factors of o?
2
Let t be 3/2*(-16)/(-6). Let r(y) = -3*y**2 + y**2 - 6*y + 4*y**2. What are the prime factors of r(t)?
2
Suppose -5*y = 5*m - 640 - 75, -1 = y. List the prime factors of m.
2, 3
Let j(h) = -6*h + 1. Let z(w) = w**2 - 5*w - 1. Suppose -5*x + 25 + 0 = 0. Let i be z(x). List the prime factors of j(i).
7
Suppose 3*u = 4*b